**2 + 3*w + 8*w**2 + 521. Is i(0) composite?
False
Let k(f) be the third derivative of -f**6/120 - 7*f**5/60 - f**4/24 + f**3/3 - 11*f**2. Is k(-7) prime?
False
Is 149 - 3 - (1*4)/1 a prime number?
False
Is 1121595/(-92)*(-8)/6 composite?
True
Suppose 18 = 3*v + 18. Let u(j) = -j**3 + j - 633. Let g(w) = 3*w**3 - 2*w + 1267. Let o(m) = -2*g(m) - 5*u(m). Is o(v) a prime number?
True
Let r(h) = h**3 + 41*h**2 - 54*h - 65. Is r(-27) composite?
True
Let x be 0/(18/(-3))*(-1)/2. Suppose -6*d - 1425 + 5667 = x. Is d prime?
False
Let i(p) = -3*p - 63. Let u be i(-21). Suppose -2*g - 5125 = -7*g. Suppose u = -4*c + 3*t + 820, 5*c + 4*t - 5*t - g = 0. Is c a prime number?
False
Let o(s) = 11*s**3 + s**2 + s - 1. Let z be o(1). Suppose -3*b = -2*i - 10, 5*i = -5*b + 37 - z. Let g(h) = 4*h**3 + 7. Is g(b) prime?
True
Suppose 6*g - 5 = 7. Is (58/(-3))/(g - 400/195) prime?
False
Suppose 2*h + 2*h - 25552 = 4*p, h - 6383 = 2*p. Is h a prime number?
False
Let b = 7655 + -552. Is b composite?
False
Is 1390 + 24/6 - 1 composite?
True
Let a(u) = u + 9. Let q be a(-4). Suppose -16 = -4*m, -q*c - m - 2*m + 497 = 0. Is c a prime number?
True
Let a = 7 - 5. Is (-5057)/(-3) + a/(-3) a prime number?
False
Let o(x) = x**3 + x**2 + 6*x + 11143. Is o(0) a prime number?
False
Suppose v = 2*v - a - 6758, 5*v + 3*a = 33814. Is v composite?
False
Let j = 3865 - -906. Is j composite?
True
Suppose -3*b + 6*b = -12, 52410 = 2*f + 3*b. Is f composite?
True
Let c = -73976 + 128169. Is c prime?
True
Let w be ((-64)/24)/((-2)/(-15)). Let i = w + 39. Is i a composite number?
False
Let b(a) = a**2 + 1. Let w(f) = -4*f**2 - 7*f - 4. Let x(r) = -6*b(r) - w(r). Let s be x(3). Is 0 + -3 + s*34 a prime number?
True
Let v(d) = d**3 - 8*d**2 + 12*d + 7. Let m be v(10). Suppose -q + m = -4*y, 5*q - 211 = 4*y + 96. Is (y - 0)/(-1 - 0) a prime number?
True
Suppose -3*r + 3 = -315. Let y = r + 145. Is y a prime number?
True
Let d(u) = -6*u + 6. Let j be d(-6). Suppose 5*v - j = 368. Is v prime?
False
Let s be (-2 + -1 + -2)/(-1). Suppose -s*m + 26 + 194 = 0. Is 6391/m - (-1)/(-4) composite?
True
Let w(z) = 380*z - 2. Let t be w(4). Let m = t + -265. Is m prime?
False
Suppose 0 = 4*r + n - 22, -2*r - 2*n - 11 = -5*r. Suppose 3*y = -4*m + 1277, 5*y - 4*m - 2151 = -r*m. Is y prime?
True
Let j = -54 - -54. Suppose j = -4*p + 702 + 470. Is p a composite number?
False
Suppose 2*z - 3*f = -2*z + 2723, 3*z - 2006 = -5*f. Is z composite?
False
Let f = -75 + -51. Let d = f - -1289. Is d a composite number?
False
Let f = 12 + -11. Let j(u) = -2*u**2 + 158*u**3 - 2*u**2 - u + 1 + 4*u**2 - u**2. Is j(f) a prime number?
True
Let d = -35782 + 53901. Is d a prime number?
True
Suppose 2*y = 2*b - 36248, 39*y = -4*b + 36*y + 72461. Is b a prime number?
True
Let v(j) be the third derivative of 53*j**4/24 - 49*j**3/3 - 18*j**2. Is v(29) a composite number?
False
Suppose -2*t - 5*b = -19737, -5*b = t - 6*b - 9872. Is t composite?
False
Let i(z) = 5*z**2 + 7*z - 44. Is i(15) prime?
False
Suppose -17*i - 13*i = -475770. Is i prime?
True
Let g = 9430 + -3557. Suppose 5*x - 4222 - g = 0. Is x*((-5)/(-3))/5 a composite number?
False
Suppose -2*u - 65 = -7*u. Suppose 15 + u = 7*p. Suppose -g - 399 = -p*g. Is g a prime number?
False
Suppose b + b + 40 = 0. Is (586/(-5))/(b/50) a composite number?
False
Let c(k) be the second derivative of -2*k**3/3 + 2*k**2 - 5*k. Let h be c(2). Let m(q) = -3*q**3 + 5*q**2 + 7*q + 9. Is m(h) a prime number?
False
Let l be (736/(-16))/(1 - -1). Is (l/(-2))/(4/88) prime?
False
Let b = 87730 + -1469. Is b prime?
False
Let h = -1444 - -2639. Is h a composite number?
True
Let k = -1770 + 2492. Let o = k - 429. Is o composite?
False
Let j(h) be the second derivative of h**3/6 + 2*h**2 - 3*h. Let s be j(-2). Suppose 2071 = 4*k - s*f - 733, 3*k = -4*f + 2103. Is k composite?
False
Suppose 2*g + 3*w = 3*g - 979, 5*w = 2*g - 1956. Let u = -596 + g. Is u a composite number?
True
Suppose -7*g + 8662 = -1845. Is g composite?
True
Suppose 31 - 30 = s. Is s + -2 + 1 + 163 prime?
True
Suppose 4*y + 14 + 14 = 0. Let i(z) = 110*z + 73. Let j(g) = -37*g - 24. Let o(u) = -4*i(u) - 11*j(u). Is o(y) prime?
False
Let u = 57 + -58. Let s(b) = 544*b**3 - 5*b**2 - 4*b. Let k(n) = -1089*n**3 + 11*n**2 + 9*n. Let a(i) = -4*k(i) - 9*s(i). Is a(u) a prime number?
True
Suppose 6*r - 15925 = r. Suppose 4*n = -4*a + 2532, -6*n + n + r = -5*a. Is n a composite number?
True
Let m(v) = v**2 - v - 7. Let o be m(4). Let x(g) = 6*g**2 + g + 6. Let n(j) = -12*j**2 - j - 12. Let d(a) = -4*n(a) - 7*x(a). Is d(o) a prime number?
False
Suppose -5*w - 323 = -4*s - 0*s, -2*s - 3*w + 167 = 0. Is ((-2)/((-4)/s))/(2/6) a prime number?
False
Let b(m) = -m**3 - 6*m**2 - 13*m + 8. Let q be b(-14). Is 1/2*(-8)/(-12)*q prime?
False
Let g = -1608 + 3875. Is g a composite number?
False
Let x(k) = 63*k**2 + 23*k - 11. Is x(6) a composite number?
True
Suppose 7*i - 27*i = -16620. Is i prime?
False
Let t(y) be the second derivative of y**3/6 + 19*y**2/2 - 3*y. Let d be t(-16). Let w(b) = 7*b**2 + 2*b. Is w(d) a prime number?
False
Let i = -529 + 4326. Is i composite?
False
Suppose 26*w = 42*w - 44144. Is w prime?
False
Let v = 29744 + 22877. Is v composite?
True
Suppose -2 = -g + 2*g, 0 = -3*c - 3*g + 36. Is (c/4)/(2/844) prime?
False
Suppose 9*m = 12*m - 180. Suppose -2*t - 164 = -6*t. Let c = m - t. Is c prime?
True
Suppose -k + 0*k - 11 = 0. Let x = 8 + k. Is 314/x*(15 - 18) a prime number?
False
Suppose 8*i - 24592 - 20200 = 0. Is i prime?
False
Let j(f) = 17*f - 2. Let w be j(1). Let l be w - 3/(-2 + 3). Suppose -13*k + l*k = -149. Is k prime?
True
Suppose 4*z - 1696 = -5*v + 743, -5*v + 5*z = -2475. Is v prime?
True
Let q = -36 + 40. Suppose -q*y - 907 = -5*y. Is y composite?
False
Let g(z) = 53*z**2 + 9*z + 1. Let o be 9/6*4/(-12)*6. Is g(o) a prime number?
False
Let s = -903 + 159. Let j = s + 1481. Is j prime?
False
Let y = -10 + 19. Let l = 7 - y. Is 4/8*l - -216 a prime number?
False
Let j be 145/(-2)*72/(-20). Suppose -3*o = 0, -4*q - 3*o = -q - j. Is q a prime number?
False
Suppose -14*w - 12*w + 386230 = 0. Is w composite?
True
Is ((-7)/21)/(3/(-5283) - 0) a composite number?
False
Let z be 7*(48/28)/2. Suppose -z*b = -5*b - 763. Is b prime?
False
Is (8/(-32) + 2/4)*16708 prime?
True
Suppose -2*a - w + 509 = 0, -3*a + a + 2*w + 500 = 0. Is a prime?
False
Suppose 12*q - 164117 = 58087. Is q a composite number?
False
Let n(t) = -250*t + 1. Let i(v) = v**2 - 18*v - 1. Let s be i(18). Is n(s) a composite number?
False
Is (57609/(-2))/3*(-2)/3 prime?
False
Suppose p = -5*i + 2*p + 9093, 2*i - 5*p = 3628. Suppose 2*w - i = 91. Is w a composite number?
True
Suppose 56 + 2190 = 2*n. Is n a composite number?
False
Let j(y) = -10*y**3 - 13*y**2 - 32*y - 57. Is j(-8) a prime number?
False
Suppose 4*o - 3*z + 26 = -z, 3*o - 2*z = -18. Let g(s) = -3*s**3 - 6*s**2 + s - 3. Is g(o) a composite number?
True
Let w(q) = -127*q**3 + 13*q**2 - 11*q + 22. Is w(-5) a prime number?
False
Let u(r) = 4*r - 5. Let p be u(5). Suppose 0 = -3*d - 0*d + p. Suppose -153 + d = -4*m. Is m a prime number?
True
Let a(q) be the third derivative of -11*q**4/2 + 19*q**3/6 + 44*q**2. Is a(-3) a composite number?
True
Let a be (2 - 2 - -1)*5. Suppose -4*p = n - 0 - 11, -a*n = 4*p + 9. Suppose -7*i + p*i = -603. Is i prime?
False
Let m = 9 + -10. Is (-3)/((-9)/(-93)*m) prime?
True
Let x = -3376 - -6647. Is x a composite number?
False
Let p(i) = -956*i - 2. Let c be p(-2). Suppose -4*g - c = -6*g. Is g a composite number?
True
Suppose 3*m + 4*s = 90, -15 = -5*s - 0. Suppose -y = -3*q - m, -3*y + 50 = -y - 5*q. Suppose -5*d = -2*v - 0*v + 27, 2*v - y = -2*d. Is v prime?
True
Is (-16)/40*(-5)/(-8)*-29572 prime?
True
Let w(n) = -41*n - 3. Let f = -2 - 4. Let g be w(f). Suppose -b = h - 254, -4*b + 782 = h - g. Is b prime?
True
Suppose -2*f + 6*f - 64 = 0. Let d(z) = 10 - 21 + 63*z + f. Is d(10) a prime number?
False
Let k = -16 - -21. Suppose 3*x - 343 = -d, -k*x - d = -3*d - 557. Is x a composite number?
False
Let k(c) = 866*c + 10. Let o(a) = -a - 1. Let g(r) = -k(r) - 4*o(r). Is g(-2) a prime number?
False
Let p be 4/6 - ((-3)/9 - 1). Suppose -d + 599 = n, p*n - 20*d - 1188 = -17*d. Is n a prime number?
False
Suppose 0*a + 13*a - 52 = 0. Let n = -6 - -8. Suppose -4*j 